{"id":1420,"date":"2025-02-26T20:35:29","date_gmt":"2025-02-26T19:35:29","guid":{"rendered":"https:\/\/www.rebrent.sk\/?post_type=product&#038;p=1420"},"modified":"2025-02-26T20:35:30","modified_gmt":"2025-02-26T19:35:30","slug":"zvaracka-plastov-a-ppr-rur","status":"publish","type":"product","link":"https:\/\/www.rebrent.sk\/?product=zvaracka-plastov-a-ppr-rur","title":{"rendered":"Zv\u00e1ra\u010dka plastov a PPR r\u00far"},"content":{"rendered":"<p>Zv\u00e1ra\u010dka zna\u010dky KRAFT and DELE profesional je jednoduch\u00e1 na obsluhu a pr\u00e1cu s \u0148ou zvl\u00e1dne ka\u017ed\u00fd.<\/p>\n<p>Technick\u00e9 parametre:<\/p>\n<ul>\n<li>Nap\u00e1janie- 230 V\/ 50 Hz<\/li>\n<li>V\u00fdkon- 2800 W<\/li>\n<li>Regul\u00e1cia teploty od 0- 320 \u00baC<\/li>\n<li>mo\u017enos\u0165 zv\u00e1ra\u0165 PPR r\u00fary s priemerom 16, 20, 25, 32, 40, 50 a 63 mm<\/li>\n<\/ul>\n","protected":false},"excerpt":{"rendered":"<p>Zv\u00e1ra\u010dka zna\u010dky KRAFT and DELE profesional je jednoduch\u00e1 na obsluhu a pr\u00e1cu s \u0148ou zvl\u00e1dne ka\u017ed\u00fd. Technick\u00e9 parametre: Nap\u00e1janie- 230 V\/ 50 Hz V\u00fdkon- 2800 W Regul\u00e1cia teploty od 0- 320 \u00baC mo\u017enos\u0165 zv\u00e1ra\u0165 PPR r\u00fary s priemerom 16, 20, 25, 32, 40, 50 a 63 mm<\/p>\n","protected":false},"featured_media":1422,"comment_status":"open","ping_status":"closed","template":"","meta":{"_kadence_starter_templates_imported_post":false,"_kad_post_transparent":"default","_kad_post_title":"","_kad_post_layout":"default","_kad_post_sidebar_id":"","_kad_post_content_style":"default","_kad_post_vertical_padding":"default","_kad_post_feature":"","_kad_post_feature_position":"","_kad_post_header":false,"_kad_post_footer":false,"_kad_post_classname":""},"product_brand":[],"product_cat":[24],"product_tag":[],"class_list":{"0":"post-1420","1":"product","2":"type-product","3":"status-publish","4":"has-post-thumbnail","6":"product_cat-rucne-naradie","8":"first","9":"instock","10":"shipping-taxable","11":"purchasable","12":"product-type-redq_rental","13":"entry","14":"content-bg","15":"loop-entry"},"_links":{"self":[{"href":"https:\/\/www.rebrent.sk\/index.php?rest_route=\/wp\/v2\/product\/1420","targetHints":{"allow":["GET"]}}],"collection":[{"href":"https:\/\/www.rebrent.sk\/index.php?rest_route=\/wp\/v2\/product"}],"about":[{"href":"https:\/\/www.rebrent.sk\/index.php?rest_route=\/wp\/v2\/types\/product"}],"replies":[{"embeddable":true,"href":"https:\/\/www.rebrent.sk\/index.php?rest_route=%2Fwp%2Fv2%2Fcomments&post=1420"}],"wp:featuredmedia":[{"embeddable":true,"href":"https:\/\/www.rebrent.sk\/index.php?rest_route=\/wp\/v2\/media\/1422"}],"wp:attachment":[{"href":"https:\/\/www.rebrent.sk\/index.php?rest_route=%2Fwp%2Fv2%2Fmedia&parent=1420"}],"wp:term":[{"taxonomy":"product_brand","embeddable":true,"href":"https:\/\/www.rebrent.sk\/index.php?rest_route=%2Fwp%2Fv2%2Fproduct_brand&post=1420"},{"taxonomy":"product_cat","embeddable":true,"href":"https:\/\/www.rebrent.sk\/index.php?rest_route=%2Fwp%2Fv2%2Fproduct_cat&post=1420"},{"taxonomy":"product_tag","embeddable":true,"href":"https:\/\/www.rebrent.sk\/index.php?rest_route=%2Fwp%2Fv2%2Fproduct_tag&post=1420"}],"curies":[{"name":"wp","href":"https:\/\/api.w.org\/{rel}","templated":true}]}}