{"id":1343,"date":"2023-09-17T19:23:20","date_gmt":"2023-09-17T17:23:20","guid":{"rendered":"https:\/\/www.rebrent.sk\/?post_type=product&#038;p=1343"},"modified":"2024-09-16T20:33:48","modified_gmt":"2024-09-16T18:33:48","slug":"wacker-neuson-bps-2050-vibracna-doska","status":"publish","type":"product","link":"https:\/\/www.rebrent.sk\/?product=wacker-neuson-bps-2050-vibracna-doska","title":{"rendered":"WACKER NEUSON BPS 2050 vibra\u010dn\u00e1 doska"},"content":{"rendered":"<section class=\"page-section product-section\">\n<div class=\"container\">\n<div class=\"wysiwyg product-subtext\">\n<p>Jednosmern\u00e1 vibra\u010dn\u00e1 doska DPS je v\u00fdkonn\u00e1 vibra\u010dn\u00e1 doska na zhut\u0148ovanie zeminy a asfaltu. Optim\u00e1lne sa hod\u00ed na obr\u00e1banie krycej a nosnej vrstvy. Bola skon\u0161truovan\u00e1 na n\u00e1ro\u010dn\u00fa nepretr\u017eit\u00fa prev\u00e1dzku na stavenisku. Prispievaj\u00fa k tomu dieselov\u00fd motor vybaven\u00fd ve\u013ek\u00fdmi v\u00fdkonov\u00fdmi rezervami, z\u00e1kladov\u00e1 doska z tv\u00e1rnej liatiny (GJS 700) odoln\u00e1 proti opotrebovaniu, ako aj bez\u00fadr\u017ebov\u00e9 a za\u0165a\u017eite\u013en\u00e9 lo\u017eisk\u00e1 budi\u010da. Ve\u013ek\u00fd komfort pri obsluhe poskytuj\u00fa ergonomicky pr\u00edstupn\u00e9 plynov\u00e9 p\u00e1\u010dky aj vodiaci strme\u0148 s tlmen\u00edm vibr\u00e1ci\u00ed.<\/p>\n<\/div>\n<\/div>\n<\/section>\n<section class=\"page-section\">\n<div class=\"container\">\n<div class=\"box-text-image card-deck\">\n<div class=\"card layout-basic\">\n<div class=\"image-orient-17\">\n<div class=\"images template-image\"><\/div>\n<div class=\"wysiwyg partial-text\">\n<div class=\"body\">\n<h4>Dobr\u00e1 ot\u00e1\u010davos\u0165 a ovl\u00e1date\u013enos\u0165 pri s\u00fa\u010dasne n\u00edzkych HAV<\/h4>\n<ul>\n<li>Vodiace ojo pohotovo reaguje na riadiace pohyby pri s\u00fa\u010dasne najvy\u0161\u0161om mo\u017enom zn\u00ed\u017een\u00ed vibr\u00e1ci\u00ed ruka-rameno. T\u00fdmto sp\u00f4sobom je mo\u017en\u00e9 vibra\u010dn\u00fa dosku pohodlne ovl\u00e1da\u0165 s vynalo\u017een\u00edm malej sily.<\/li>\n<li>Oto\u010dn\u00e9 a riadiace pohyby sa ve\u013emi jednoducho pren\u00e1\u0161aj\u00fa na zariadenie, \u010do rob\u00ed pr\u00e1cu r\u00fdchlou a pohodlnou.<\/li>\n<\/ul>\n<\/div>\n<\/div>\n<\/div>\n<\/div>\n<\/div>\n<div class=\"box-text-image card-deck\">\n<div class=\"card layout-basic\">\n<div class=\"image-orient-18\">\n<div class=\"wysiwyg partial-text\">\n<div class=\"body\">\n<h4>\u0160irok\u00e1, ergonomick\u00e1 rukov\u00e4\u0165<\/h4>\n<ul>\n<li>Dr\u017eadlo vpredu na z\u00e1kladovej doske poskytuje miesto pre dve ruky, aby zariadenie mohlo pohodlne zdvihn\u00fa\u0165 viacero os\u00f4b. To poskytuje vysok\u00fa ergon\u00f3miu pri preprave zariadenia.<\/li>\n<\/ul>\n<\/div>\n<\/div>\n<\/div>\n<\/div>\n<\/div>\n<div class=\"box-text-image card-deck\">\n<div class=\"card layout-basic\">\n<div class=\"image-orient-17\">\n<div class=\"wysiwyg partial-text\">\n<div class=\"body\">\n<h4>Vodiaci strme\u0148<\/h4>\n<ul>\n<li>Vodiaci strme\u0148 m\u00e1 zalomen\u00fd tvar a d\u00e1 sa sklopi\u0165 dopredu. V\u010faka tomu sa d\u00e1 pri veden\u00ed zboku pou\u017ei\u0165 ako rukov\u00e4\u0165 a poskytuje pritom vysok\u00fa stabilitu. To je ide\u00e1lne pre zhut\u0148ovanie asfaltu, napr\u00edklad pozd\u013a\u017e obrubn\u00edkov.<\/li>\n<li>Vodiaci strme\u0148 sa zu\u017euje nahor. To zlep\u0161uje schopnos\u0165 vies\u0165 zariadenie pozd\u013a\u017e stien, preto\u017ee strme\u0148 nezavad\u00ed o stenu.<\/li>\n<li>Dopredu sklopn\u00fd vodiaci strme\u0148 poskytuje v\u010faka svojmu zalomen\u00e9mu tvaru ve\u013emi kompaktn\u00e9 prepravn\u00e9 a skladovacie rozmery.<\/li>\n<\/ul>\n<\/div>\n<\/div>\n<\/div>\n<\/div>\n<\/div>\n<div class=\"box-text-image card-deck\">\n<div class=\"card layout-basic\">\n<div class=\"image-orient-18\">\n<div class=\"wysiwyg partial-text\">\n<div class=\"body\">\n<h4>S\u00faprava kolies r\u00fdchlo pripraven\u00e1 na pou\u017eitie<\/h4>\n<ul>\n<li>Po sklopen\u00ed s\u00fapravy kolies sa vodiaci strme\u0148 automaticky zaaretuje a zariadenie sa m\u00f4\u017ee ihne\u010f uvies\u0165 do pohybu. Po vyklopen\u00ed s\u00fapravy kolies sa vodiaci strme\u0148 naopak automaticky uvo\u013en\u00ed. To zais\u0165uje plynul\u00e9 pracovn\u00e9 postupy na stavenisku.<\/li>\n<\/ul>\n<\/div>\n<\/div>\n<\/div>\n<\/div>\n<\/div>\n<div class=\"box-text-image card-deck\">\n<div class=\"card layout-basic\">\n<div class=\"image-orient-17\">\n<div class=\"wysiwyg partial-text\">\n<div class=\"body\">\n<h4>Jednoduch\u00e1 mont\u00e1\u017e podlo\u017eky na dla\u017ebu<\/h4>\n<ul>\n<li>Plastov\u00e1 podlo\u017eka na dla\u017ebu sa montuje r\u00fdchlo a \u013eahko, preto\u017ee sa len jednoducho zaves\u00ed vpredu do z\u00e1kladovej dosky a utiahne maticami.<\/li>\n<li>Plastov\u00e1 podlo\u017eka na dla\u017ebu ju chr\u00e1ni pred po\u0161koden\u00edm pri vibra\u010dnom zhut\u0148ovan\u00ed.<\/li>\n<\/ul>\n<\/div>\n<\/div>\n<\/div>\n<\/div>\n<\/div>\n<\/div>\n<\/section>\n<section class=\"page-section\" data-spacetop=\"none\">\n<div class=\"container visible\"><\/div>\n<\/section>\n","protected":false},"excerpt":{"rendered":"<p>Jednosmern\u00e1 vibra\u010dn\u00e1 doska DPS je v\u00fdkonn\u00e1 vibra\u010dn\u00e1 doska na zhut\u0148ovanie zeminy a asfaltu. Optim\u00e1lne sa hod\u00ed na obr\u00e1banie krycej a nosnej vrstvy. Bola skon\u0161truovan\u00e1 na n\u00e1ro\u010dn\u00fa nepretr\u017eit\u00fa prev\u00e1dzku na stavenisku. Prispievaj\u00fa k tomu dieselov\u00fd motor vybaven\u00fd ve\u013ek\u00fdmi v\u00fdkonov\u00fdmi rezervami, z\u00e1kladov\u00e1 doska z tv\u00e1rnej liatiny (GJS 700) odoln\u00e1 proti opotrebovaniu, ako aj bez\u00fadr\u017ebov\u00e9 a za\u0165a\u017eite\u013en\u00e9 lo\u017eisk\u00e1&#8230;<\/p>\n","protected":false},"featured_media":1344,"comment_status":"open","ping_status":"closed","template":"","meta":{"_kadence_starter_templates_imported_post":false,"_kad_post_transparent":"default","_kad_post_title":"","_kad_post_layout":"default","_kad_post_sidebar_id":"","_kad_post_content_style":"default","_kad_post_vertical_padding":"default","_kad_post_feature":"","_kad_post_feature_position":"","_kad_post_header":false,"_kad_post_footer":false,"_kad_post_classname":""},"product_brand":[],"product_cat":[27],"product_tag":[],"class_list":{"0":"post-1343","1":"product","2":"type-product","3":"status-publish","4":"has-post-thumbnail","6":"product_cat-mala-mechanizacia","8":"first","9":"instock","10":"shipping-taxable","11":"purchasable","12":"product-type-redq_rental","13":"entry","14":"content-bg","15":"loop-entry"},"_links":{"self":[{"href":"https:\/\/www.rebrent.sk\/index.php?rest_route=\/wp\/v2\/product\/1343","targetHints":{"allow":["GET"]}}],"collection":[{"href":"https:\/\/www.rebrent.sk\/index.php?rest_route=\/wp\/v2\/product"}],"about":[{"href":"https:\/\/www.rebrent.sk\/index.php?rest_route=\/wp\/v2\/types\/product"}],"replies":[{"embeddable":true,"href":"https:\/\/www.rebrent.sk\/index.php?rest_route=%2Fwp%2Fv2%2Fcomments&post=1343"}],"wp:featuredmedia":[{"embeddable":true,"href":"https:\/\/www.rebrent.sk\/index.php?rest_route=\/wp\/v2\/media\/1344"}],"wp:attachment":[{"href":"https:\/\/www.rebrent.sk\/index.php?rest_route=%2Fwp%2Fv2%2Fmedia&parent=1343"}],"wp:term":[{"taxonomy":"product_brand","embeddable":true,"href":"https:\/\/www.rebrent.sk\/index.php?rest_route=%2Fwp%2Fv2%2Fproduct_brand&post=1343"},{"taxonomy":"product_cat","embeddable":true,"href":"https:\/\/www.rebrent.sk\/index.php?rest_route=%2Fwp%2Fv2%2Fproduct_cat&post=1343"},{"taxonomy":"product_tag","embeddable":true,"href":"https:\/\/www.rebrent.sk\/index.php?rest_route=%2Fwp%2Fv2%2Fproduct_tag&post=1343"}],"curies":[{"name":"wp","href":"https:\/\/api.w.org\/{rel}","templated":true}]}}