{"id":1309,"date":"2023-09-07T23:13:45","date_gmt":"2023-09-07T21:13:45","guid":{"rendered":"https:\/\/www.rebrent.sk\/?post_type=product&#038;p=1309"},"modified":"2023-09-07T23:19:56","modified_gmt":"2023-09-07T21:19:56","slug":"gude-hlg-600-2000-teplovzdusna-pistol","status":"publish","type":"product","link":"https:\/\/www.rebrent.sk\/?product=gude-hlg-600-2000-teplovzdusna-pistol","title":{"rendered":"G\u00dcDE HLG 600-2000 Teplovzdu\u0161n\u00e1 pi\u0161to\u013e"},"content":{"rendered":"<p>Teplovzdu\u0161n\u00e1 pi\u0161to\u013e s ergonomickou proti\u0161mykovou rukov\u00e4\u0165ou s m\u00e4kk\u00fdm povrchom. Tepelne odoln\u00e9 plastov\u00e9 puzdro, ve\u013ek\u00e1 podporn\u00e1 plocha pre bezpe\u010dn\u00fa a stacion\u00e1rnu pr\u00e1cu, 3-stup\u0148ov\u00e9 d\u00fachadlo, poistka proti prehriatiu, \u0161irok\u00e1 tryska, odrazov\u00e1 tryska, reduk\u010dn\u00e1 tryska.<\/p>\n<ul>\n<li>Sie\u0165ov\u00e9 pripojenie: 230 V<\/li>\n<li>Frekvencia: 50 Hz<\/li>\n<li>V\u00fdkon motora (P1): 2000 W<\/li>\n<li><span style=\"font-family: var(--global-body-font-family);\">1. \u00farove\u0148 f\u00fakania: 500 l\/min<\/span><\/li>\n<li>2. \u00farove\u0148 f\u00fakania: 250 l\/min<\/li>\n<li>3. \u00farove\u0148 f\u00fakania: 500 l\/min<\/li>\n<li>Teplota vzduchu 1. stupe\u0148:\u00a0 50 \u00b0C<\/li>\n<li>Teplota vzduchu 2. stupe\u0148: 450 \u00b0C<\/li>\n<li>Teplota vzduchu 3. stupe\u0148: 600 \u00b0C<\/li>\n<\/ul>\n","protected":false},"excerpt":{"rendered":"<p>Teplovzdu\u0161n\u00e1 pi\u0161to\u013e s ergonomickou proti\u0161mykovou rukov\u00e4\u0165ou s m\u00e4kk\u00fdm povrchom. Tepelne odoln\u00e9 plastov\u00e9 puzdro, ve\u013ek\u00e1 podporn\u00e1 plocha pre bezpe\u010dn\u00fa a stacion\u00e1rnu pr\u00e1cu, 3-stup\u0148ov\u00e9 d\u00fachadlo, poistka proti prehriatiu, \u0161irok\u00e1 tryska, odrazov\u00e1 tryska, reduk\u010dn\u00e1 tryska. Sie\u0165ov\u00e9 pripojenie: 230 V Frekvencia: 50 Hz V\u00fdkon motora (P1): 2000 W 1. \u00farove\u0148 f\u00fakania: 500 l\/min 2. \u00farove\u0148 f\u00fakania: 250 l\/min 3&#8230;.<\/p>\n","protected":false},"featured_media":1310,"comment_status":"open","ping_status":"closed","template":"","meta":{"_kadence_starter_templates_imported_post":false,"_kad_post_transparent":"default","_kad_post_title":"","_kad_post_layout":"default","_kad_post_sidebar_id":"","_kad_post_content_style":"default","_kad_post_vertical_padding":"default","_kad_post_feature":"","_kad_post_feature_position":"","_kad_post_header":false,"_kad_post_footer":false,"_kad_post_classname":""},"product_brand":[],"product_cat":[24],"product_tag":[],"class_list":{"0":"post-1309","1":"product","2":"type-product","3":"status-publish","4":"has-post-thumbnail","6":"product_cat-rucne-naradie","8":"first","9":"instock","10":"shipping-taxable","11":"purchasable","12":"product-type-redq_rental","13":"entry","14":"content-bg","15":"loop-entry"},"_links":{"self":[{"href":"https:\/\/www.rebrent.sk\/index.php?rest_route=\/wp\/v2\/product\/1309","targetHints":{"allow":["GET"]}}],"collection":[{"href":"https:\/\/www.rebrent.sk\/index.php?rest_route=\/wp\/v2\/product"}],"about":[{"href":"https:\/\/www.rebrent.sk\/index.php?rest_route=\/wp\/v2\/types\/product"}],"replies":[{"embeddable":true,"href":"https:\/\/www.rebrent.sk\/index.php?rest_route=%2Fwp%2Fv2%2Fcomments&post=1309"}],"wp:featuredmedia":[{"embeddable":true,"href":"https:\/\/www.rebrent.sk\/index.php?rest_route=\/wp\/v2\/media\/1310"}],"wp:attachment":[{"href":"https:\/\/www.rebrent.sk\/index.php?rest_route=%2Fwp%2Fv2%2Fmedia&parent=1309"}],"wp:term":[{"taxonomy":"product_brand","embeddable":true,"href":"https:\/\/www.rebrent.sk\/index.php?rest_route=%2Fwp%2Fv2%2Fproduct_brand&post=1309"},{"taxonomy":"product_cat","embeddable":true,"href":"https:\/\/www.rebrent.sk\/index.php?rest_route=%2Fwp%2Fv2%2Fproduct_cat&post=1309"},{"taxonomy":"product_tag","embeddable":true,"href":"https:\/\/www.rebrent.sk\/index.php?rest_route=%2Fwp%2Fv2%2Fproduct_tag&post=1309"}],"curies":[{"name":"wp","href":"https:\/\/api.w.org\/{rel}","templated":true}]}}