{"id":1245,"date":"2023-05-28T21:30:33","date_gmt":"2023-05-28T19:30:33","guid":{"rendered":"https:\/\/www.rebrent.sk\/?post_type=product&#038;p=1245"},"modified":"2024-02-22T19:30:21","modified_gmt":"2024-02-22T18:30:21","slug":"vrtacie-a-buracie-kladivo-bmh-40-bl","status":"publish","type":"product","link":"https:\/\/www.rebrent.sk\/?product=vrtacie-a-buracie-kladivo-bmh-40-bl","title":{"rendered":"V\u0155tacie a b\u00faracie kladivo Wurth BMH 40-BL"},"content":{"rendered":"<p class=\"usp_text\">V\u0155tacie a b\u00faracie kladivo s\u00a0bezuhl\u00edkov\u00fdm motorom, up\u00ednac\u00edm prvkom SDS-max, krytom z hlin\u00edka odlievan\u00e9ho pod tlakom a protivibra\u010dn\u00fdm mechanizmom pre maxim\u00e1lne v\u00fdkonn\u00fa pohodln\u00fa pr\u00e1cu<\/p>\n<div id=\"modelDetailFirstSingleValueAttributes\">\n<div class=\"properties\">\n<ul>\n<li style=\"list-style-type: none;\">\n<ul>\n<li>Menovit\u00e9 nap\u00e4tie: 230 V\/AC<\/li>\n<li>Frekvencia: 50 Hz<\/li>\n<li>Trieda ochrany: Trieda ochrany II\/ochrann\u00e1 izol\u00e1cia<\/li>\n<li>Pr\u00edkon: 1150 W<\/li>\n<li>Poskytovan\u00fd v\u00fdkon: 650 W<\/li>\n<li>Vo\u013enobe\u017en\u00e9 ot\u00e1\u010dky min.\/max.: 250-500 ot\/min<\/li>\n<li>Frekvencia pr\u00edklepu min.\/max.: 1430-2850 ot\/min<\/li>\n<li>Druh upnutia: SDS max<\/li>\n<\/ul>\n<\/li>\n<\/ul>\n<div id=\"mdAttributeMore\" class=\"collapse show\">\n<ul>\n<li>Sila pr\u00edklepu: 8.7 J<\/li>\n<li>Priemer v\u0155tania v bet\u00f3ne min.\/max.: 12-40 mm<\/li>\n<li>Odpor\u00fa\u010dan\u00fd rozsah v\u0155tania pre optim\u00e1lny v\u00fdkon (vbet\u00f3ne) min.\/max.: 25-35 mm<\/li>\n<li>Priemer v\u0155tania prer\u00e1\u017eac\u00edm vrt\u00e1kom v bet\u00f3ne max.: 65 mm<\/li>\n<li>V\u00fdkon pri v\u0155tan\u00ed (objem) do bet\u00f3nu za min\u00fatu max.: 1 cm\u00b3<\/li>\n<li>V\u00fdkon sek\u00e1\u010da v bet\u00f3ne max.: 200 kg\/h<\/li>\n<li>Priemer v\u0155tania dutou v\u0155tacou korunkou v murive max.: 105 mm<\/li>\n<li>Hmotnos\u0165 stroja: 7,5 kg<\/li>\n<li>D\u013a\u017eka k\u00e1bla: 3,8 m<\/li>\n<\/ul>\n<\/div>\n<\/div>\n<\/div>\n","protected":false},"excerpt":{"rendered":"<p>V\u0155tacie a b\u00faracie kladivo s\u00a0bezuhl\u00edkov\u00fdm motorom, up\u00ednac\u00edm prvkom SDS-max, krytom z hlin\u00edka odlievan\u00e9ho pod tlakom a protivibra\u010dn\u00fdm mechanizmom pre maxim\u00e1lne v\u00fdkonn\u00fa pohodln\u00fa pr\u00e1cu Menovit\u00e9 nap\u00e4tie: 230 V\/AC Frekvencia: 50 Hz Trieda ochrany: Trieda ochrany II\/ochrann\u00e1 izol\u00e1cia Pr\u00edkon: 1150 W Poskytovan\u00fd v\u00fdkon: 650 W Vo\u013enobe\u017en\u00e9 ot\u00e1\u010dky min.\/max.: 250-500 ot\/min Frekvencia pr\u00edklepu min.\/max.: 1430-2850 ot\/min Druh upnutia:&#8230;<\/p>\n","protected":false},"featured_media":1246,"comment_status":"open","ping_status":"closed","template":"","meta":{"_kadence_starter_templates_imported_post":false,"_kad_post_transparent":"default","_kad_post_title":"","_kad_post_layout":"default","_kad_post_sidebar_id":"","_kad_post_content_style":"default","_kad_post_vertical_padding":"default","_kad_post_feature":"","_kad_post_feature_position":"","_kad_post_header":false,"_kad_post_footer":false,"_kad_post_classname":""},"product_brand":[],"product_cat":[24],"product_tag":[],"class_list":{"0":"post-1245","1":"product","2":"type-product","3":"status-publish","4":"has-post-thumbnail","6":"product_cat-rucne-naradie","8":"first","9":"instock","10":"shipping-taxable","11":"purchasable","12":"product-type-redq_rental","13":"entry","14":"content-bg","15":"loop-entry"},"_links":{"self":[{"href":"https:\/\/www.rebrent.sk\/index.php?rest_route=\/wp\/v2\/product\/1245","targetHints":{"allow":["GET"]}}],"collection":[{"href":"https:\/\/www.rebrent.sk\/index.php?rest_route=\/wp\/v2\/product"}],"about":[{"href":"https:\/\/www.rebrent.sk\/index.php?rest_route=\/wp\/v2\/types\/product"}],"replies":[{"embeddable":true,"href":"https:\/\/www.rebrent.sk\/index.php?rest_route=%2Fwp%2Fv2%2Fcomments&post=1245"}],"wp:featuredmedia":[{"embeddable":true,"href":"https:\/\/www.rebrent.sk\/index.php?rest_route=\/wp\/v2\/media\/1246"}],"wp:attachment":[{"href":"https:\/\/www.rebrent.sk\/index.php?rest_route=%2Fwp%2Fv2%2Fmedia&parent=1245"}],"wp:term":[{"taxonomy":"product_brand","embeddable":true,"href":"https:\/\/www.rebrent.sk\/index.php?rest_route=%2Fwp%2Fv2%2Fproduct_brand&post=1245"},{"taxonomy":"product_cat","embeddable":true,"href":"https:\/\/www.rebrent.sk\/index.php?rest_route=%2Fwp%2Fv2%2Fproduct_cat&post=1245"},{"taxonomy":"product_tag","embeddable":true,"href":"https:\/\/www.rebrent.sk\/index.php?rest_route=%2Fwp%2Fv2%2Fproduct_tag&post=1245"}],"curies":[{"name":"wp","href":"https:\/\/api.w.org\/{rel}","templated":true}]}}