{"id":1239,"date":"2023-05-28T21:23:42","date_gmt":"2023-05-28T19:23:42","guid":{"rendered":"https:\/\/www.rebrent.sk\/?post_type=product&#038;p=1239"},"modified":"2023-06-09T09:55:29","modified_gmt":"2023-06-09T07:55:29","slug":"wurth-bruska-na-beton","status":"publish","type":"product","link":"https:\/\/www.rebrent.sk\/?product=wurth-bruska-na-beton","title":{"rendered":"Br\u00faska na bet\u00f3n WURTH"},"content":{"rendered":"<p>V\u00fdkonn\u00e1 1700W br\u00faska na bet\u00f3n na br\u00fasenie a odstra\u0148ovanie bet\u00f3nu, stierky a n\u00e1terov z tvrd\u00e9ho podkladu.<\/p>\n<p><strong>Vysok\u00e1 produktivita<\/strong><\/p>\n<p>Vysok\u00fd v\u00fdkon 1 700 W pri n\u00edzkej hmotnosti<\/p>\n<p><strong>Umo\u017e\u0148uje pr\u00e1cu vhodn\u00fa pre r\u00f4zne materi\u00e1ly aj bl\u00edzko hr\u00e1n<\/strong><\/p>\n<p>Regul\u00e1cia ot\u00e1\u010dok umo\u017e\u0148uje pou\u017ei\u0165 r\u00fdchlosti vhodn\u00e9 pre r\u00f4zne materi\u00e1ly, ktor\u00e9 zost\u00e1vaj\u00fa kon\u0161tantn\u00e9 aj pri za\u0165a\u017een\u00ed. Roz\u0165ahovac\u00ed segment umo\u017e\u0148uje pr\u00e1cu bl\u00edzko hr\u00e1n a stien.<\/p>\n<p><strong>Bezpra\u0161n\u00fd syst\u00e9m<\/strong><\/p>\n<p>Pru\u017einov\u00fd kruhov\u00fd kefa na ochrannom kryte sa prisp\u00f4sob\u00ed ak\u00e9muko\u013evek povrchu a v\u00fd\u0161ke segmentu av kombin\u00e1cii s ods\u00e1vacou hubicou a pripojenou ods\u00e1vacou jednotkou zais\u0165uje efekt\u00edvne sanie .<\/p>\n<p><strong>Optim\u00e1lna manipul\u00e1cia s pr\u00edstrojom<\/strong><\/p>\n<p>Ergonomick\u00e1 strme\u0148ov\u00e1 rukov\u00e4\u0165 pre bezpe\u010dn\u00e9 a stabiln\u00e9 vedenie pri br\u00fasen\u00ed<\/p>\n<p><strong>Ochrana proti op\u00e4tovn\u00e9mu rozbehu<\/strong><\/p>\n<p>Ochrana proti op\u00e4tovn\u00e9mu rozbehu zabra\u0148uje ne\u00famyseln\u00e9mu spusteniu po preru\u0161en\u00ed nap\u00e1jania.<\/p>\n<p><strong>Upozornenie<\/strong><\/p>\n<p>Len na pou\u017eitie s vys\u00e1va\u010dmi triedy pra\u0161nosti M.<\/p>\n<table class=\"tech_table\">\n<tbody>\n<tr>\n<td class=\"tech_col_left\">Menovit\u00e9 nap\u00e4tie<\/td>\n<td class=\"tech_col_left\">230 V\/AC<\/td>\n<\/tr>\n<tr>\n<td class=\"tech_col_left\">Frekvencia<\/td>\n<td class=\"tech_col_left\">50 Hz<\/td>\n<\/tr>\n<tr>\n<td class=\"tech_col_left\">Trieda ochrany<\/td>\n<td class=\"tech_col_left\">Trieda ochrany II \/ ochrann\u00e1 izol\u00e1cia<\/td>\n<\/tr>\n<tr>\n<td class=\"tech_col_left\">Pr\u00edkon<\/td>\n<td class=\"tech_col_left\">1700 W<\/td>\n<\/tr>\n<tr>\n<td class=\"tech_col_left\">V\u00fdstupn\u00fd v\u00fdkon<\/td>\n<td class=\"tech_col_left\">950 W<\/td>\n<\/tr>\n<tr>\n<td class=\"tech_col_left\">Min. vo\u013enobe\u017en\u00e9 ot\u00e1\u010dky<\/td>\n<td class=\"tech_col_left\">2200 ot\/min<\/td>\n<\/tr>\n<tr>\n<td class=\"tech_col_left\">Max. vo\u013enobe\u017en\u00e9 ot\u00e1\u010dky<\/td>\n<td class=\"tech_col_left\">8500 ot\/min<\/td>\n<\/tr>\n<tr>\n<td class=\"tech_col_left\">Max. kr\u00fatiaci moment<\/td>\n<td class=\"tech_col_left\">6 Nm<\/td>\n<\/tr>\n<tr>\n<td class=\"tech_col_left\">Hmotnos\u0165 stroja<\/td>\n<td class=\"tech_col_left\">4,8 kg<\/td>\n<\/tr>\n<tr>\n<td class=\"tech_col_left\">D\u013a\u017eka k\u00e1bla<\/td>\n<td class=\"tech_col_left\">4 m<\/td>\n<\/tr>\n<tr>\n<td class=\"tech_col_left\">WEEE (Smernica o odbere odpadov\u00fdch elektrick\u00fdch a elektronick\u00fdch zariaden\u00ed)<\/td>\n<td class=\"tech_col_left\">06<\/td>\n<\/tr>\n<tr>\n<td class=\"tech_col_left\">Hladina akustick\u00e9ho tlaku<\/td>\n<td class=\"tech_col_left\">93 dB<\/td>\n<\/tr>\n<tr>\n<td class=\"tech_col_left\">Sp\u013a\u0148a po\u017eiadavky smernice ROHS<\/td>\n<td class=\"tech_col_left\">\u00c1no<\/td>\n<\/tr>\n<\/tbody>\n<\/table>\n","protected":false},"excerpt":{"rendered":"<p>V\u00fdkonn\u00e1 1700W br\u00faska na bet\u00f3n na br\u00fasenie a odstra\u0148ovanie bet\u00f3nu, stierky a n\u00e1terov z tvrd\u00e9ho podkladu. Vysok\u00e1 produktivita Vysok\u00fd v\u00fdkon 1 700 W pri n\u00edzkej hmotnosti Umo\u017e\u0148uje pr\u00e1cu vhodn\u00fa pre r\u00f4zne materi\u00e1ly aj bl\u00edzko hr\u00e1n Regul\u00e1cia ot\u00e1\u010dok umo\u017e\u0148uje pou\u017ei\u0165 r\u00fdchlosti vhodn\u00e9 pre r\u00f4zne materi\u00e1ly, ktor\u00e9 zost\u00e1vaj\u00fa kon\u0161tantn\u00e9 aj pri za\u0165a\u017een\u00ed. Roz\u0165ahovac\u00ed segment umo\u017e\u0148uje pr\u00e1cu bl\u00edzko&#8230;<\/p>\n","protected":false},"featured_media":1241,"comment_status":"open","ping_status":"closed","template":"","meta":{"_kadence_starter_templates_imported_post":false,"_kad_post_transparent":"default","_kad_post_title":"","_kad_post_layout":"default","_kad_post_sidebar_id":"","_kad_post_content_style":"default","_kad_post_vertical_padding":"default","_kad_post_feature":"","_kad_post_feature_position":"","_kad_post_header":false,"_kad_post_footer":false,"_kad_post_classname":""},"product_brand":[],"product_cat":[24],"product_tag":[],"class_list":{"0":"post-1239","1":"product","2":"type-product","3":"status-publish","4":"has-post-thumbnail","6":"product_cat-rucne-naradie","8":"first","9":"instock","10":"shipping-taxable","11":"purchasable","12":"product-type-redq_rental","13":"entry","14":"content-bg","15":"loop-entry"},"_links":{"self":[{"href":"https:\/\/www.rebrent.sk\/index.php?rest_route=\/wp\/v2\/product\/1239","targetHints":{"allow":["GET"]}}],"collection":[{"href":"https:\/\/www.rebrent.sk\/index.php?rest_route=\/wp\/v2\/product"}],"about":[{"href":"https:\/\/www.rebrent.sk\/index.php?rest_route=\/wp\/v2\/types\/product"}],"replies":[{"embeddable":true,"href":"https:\/\/www.rebrent.sk\/index.php?rest_route=%2Fwp%2Fv2%2Fcomments&post=1239"}],"wp:featuredmedia":[{"embeddable":true,"href":"https:\/\/www.rebrent.sk\/index.php?rest_route=\/wp\/v2\/media\/1241"}],"wp:attachment":[{"href":"https:\/\/www.rebrent.sk\/index.php?rest_route=%2Fwp%2Fv2%2Fmedia&parent=1239"}],"wp:term":[{"taxonomy":"product_brand","embeddable":true,"href":"https:\/\/www.rebrent.sk\/index.php?rest_route=%2Fwp%2Fv2%2Fproduct_brand&post=1239"},{"taxonomy":"product_cat","embeddable":true,"href":"https:\/\/www.rebrent.sk\/index.php?rest_route=%2Fwp%2Fv2%2Fproduct_cat&post=1239"},{"taxonomy":"product_tag","embeddable":true,"href":"https:\/\/www.rebrent.sk\/index.php?rest_route=%2Fwp%2Fv2%2Fproduct_tag&post=1239"}],"curies":[{"name":"wp","href":"https:\/\/api.w.org\/{rel}","templated":true}]}}