{"id":1219,"date":"2023-05-27T22:47:54","date_gmt":"2023-05-27T20:47:54","guid":{"rendered":"https:\/\/www.rebrent.sk\/?post_type=product&#038;p=1219"},"modified":"2024-02-22T19:33:31","modified_gmt":"2024-02-22T18:33:31","slug":"privesny-vozik-krakus-zosilnena-naprava-13t","status":"publish","type":"product","link":"https:\/\/www.rebrent.sk\/?product=privesny-vozik-krakus-zosilnena-naprava-13t","title":{"rendered":"Pr\u00edvesn\u00fd voz\u00edk  WIOLA KRAKUS &#8211; zosilnen\u00e1 n\u00e1prava 1,3t"},"content":{"rendered":"<p>Jednon\u00e1pravov\u00fd n\u00e1kladn\u00fd sklopn\u00fd (na oji) valn\u00edkov\u00fd voz\u00edk pri\u010dom sa skl\u00e1pa cel\u00e1 lo\u017en\u00e1 plocha a zadn\u00e9 \u010delo je vyplnen\u00e9 preglejkou. Na v\u0161estrann\u00e9 pou\u017eitie s kolesami ulo\u017een\u00fdmi ved\u013ea lo\u017enej plochy.<\/p>\n<ul>\n<li>Celkov\u00e1 hmotnos\u0165: 750 kg<\/li>\n<li>U\u017eito\u010dn\u00e1 hmotnos\u0165: 560 kg<\/li>\n<li>Lo\u017en\u00e1 plocha [mm]: 2420 x 1320<\/li>\n<li>Pneumatiky:\u00a0185R14C<\/li>\n<li>pomocn\u00e9 zdv\u00edhacie 3. koleso pre lep\u0161iu manipul\u00e1cia<\/li>\n<\/ul>\n","protected":false},"excerpt":{"rendered":"<p>Jednon\u00e1pravov\u00fd n\u00e1kladn\u00fd sklopn\u00fd (na oji) valn\u00edkov\u00fd voz\u00edk pri\u010dom sa skl\u00e1pa cel\u00e1 lo\u017en\u00e1 plocha a zadn\u00e9 \u010delo je vyplnen\u00e9 preglejkou. Na v\u0161estrann\u00e9 pou\u017eitie s kolesami ulo\u017een\u00fdmi ved\u013ea lo\u017enej plochy. Celkov\u00e1 hmotnos\u0165: 750 kg U\u017eito\u010dn\u00e1 hmotnos\u0165: 560 kg Lo\u017en\u00e1 plocha [mm]: 2420 x 1320 Pneumatiky:\u00a0185R14C pomocn\u00e9 zdv\u00edhacie 3. koleso pre lep\u0161iu manipul\u00e1cia<\/p>\n","protected":false},"featured_media":1220,"comment_status":"open","ping_status":"closed","template":"","meta":{"_kadence_starter_templates_imported_post":false,"_kad_post_transparent":"default","_kad_post_title":"","_kad_post_layout":"default","_kad_post_sidebar_id":"","_kad_post_content_style":"default","_kad_post_vertical_padding":"default","_kad_post_feature":"","_kad_post_feature_position":"","_kad_post_header":false,"_kad_post_footer":false,"_kad_post_classname":""},"product_brand":[],"product_cat":[29],"product_tag":[],"class_list":{"0":"post-1219","1":"product","2":"type-product","3":"status-publish","4":"has-post-thumbnail","6":"product_cat-privesne-voziky","8":"first","9":"instock","10":"sold-individually","11":"shipping-taxable","12":"purchasable","13":"product-type-redq_rental","14":"entry","15":"content-bg","16":"loop-entry"},"_links":{"self":[{"href":"https:\/\/www.rebrent.sk\/index.php?rest_route=\/wp\/v2\/product\/1219","targetHints":{"allow":["GET"]}}],"collection":[{"href":"https:\/\/www.rebrent.sk\/index.php?rest_route=\/wp\/v2\/product"}],"about":[{"href":"https:\/\/www.rebrent.sk\/index.php?rest_route=\/wp\/v2\/types\/product"}],"replies":[{"embeddable":true,"href":"https:\/\/www.rebrent.sk\/index.php?rest_route=%2Fwp%2Fv2%2Fcomments&post=1219"}],"wp:featuredmedia":[{"embeddable":true,"href":"https:\/\/www.rebrent.sk\/index.php?rest_route=\/wp\/v2\/media\/1220"}],"wp:attachment":[{"href":"https:\/\/www.rebrent.sk\/index.php?rest_route=%2Fwp%2Fv2%2Fmedia&parent=1219"}],"wp:term":[{"taxonomy":"product_brand","embeddable":true,"href":"https:\/\/www.rebrent.sk\/index.php?rest_route=%2Fwp%2Fv2%2Fproduct_brand&post=1219"},{"taxonomy":"product_cat","embeddable":true,"href":"https:\/\/www.rebrent.sk\/index.php?rest_route=%2Fwp%2Fv2%2Fproduct_cat&post=1219"},{"taxonomy":"product_tag","embeddable":true,"href":"https:\/\/www.rebrent.sk\/index.php?rest_route=%2Fwp%2Fv2%2Fproduct_tag&post=1219"}],"curies":[{"name":"wp","href":"https:\/\/api.w.org\/{rel}","templated":true}]}}